
Is 21 a factor of 1008?
True
Is 4504 a multiple of 6?
False
Does 39 divide 52?
False
Does 52 divide 1352?
True
Is 164786 a multiple of 12?
False
Is 10470 a multiple of 16?
False
Does 29 divide 5053?
False
Is 9 a factor of 279?
True
Is 103 a factor of 48651?
False
Does 3 divide 3769?
False
Does 15 divide 1410?
True
Does 42 divide 1590?
False
Does 11 divide 109769?
True
Does 16 divide 1224?
False
Is 75 a factor of 19650?
True
Is 11 a factor of 4213?
True
Is 185 a factor of 7585?
True
Is 4 a factor of 10909?
False
Is 12243 a multiple of 83?
False
Is 19 a factor of 107?
False
Is 203 a factor of 8390?
False
Does 3 divide 612?
True
Is 31 a factor of 1364?
True
Is 23 a factor of 270?
False
Is 2025 a multiple of 75?
True
Is 32503 a multiple of 23?
False
Does 13 divide 4372?
False
Is 5 a factor of 2400?
True
Does 150 divide 42000?
True
Is 442 a multiple of 31?
False
Is 13 a factor of 70863?
True
Is 6529 a multiple of 41?
False
Is 284 a factor of 37329?
False
Is 3350 a multiple of 9?
False
Is 1180 a multiple of 17?
False
Is 12 a factor of 7440?
True
Is 11 a factor of 344?
False
Is 30 a factor of 2310?
True
Does 45 divide 739?
False
Is 100 a factor of 2792?
False
Is 54001 a multiple of 16?
False
Is 12 a factor of 536?
False
Is 158 a factor of 4702?
False
Is 88 a factor of 87989?
False
Does 21 divide 18438?
True
Does 13 divide 39?
True
Is 8 a factor of 25640?
True
Is 20 a factor of 280?
True
Is 14 a factor of 21238?
True
Is 17 a factor of 782?
True
Is 7 a factor of 7954?
False
Is 28 a factor of 21583?
False
Does 56 divide 7840?
True
Is 13 a factor of 8718?
False
Is 36972 a multiple of 28?
False
Does 37 divide 905?
False
Is 39 a factor of 507?
True
Does 17 divide 2108?
True
Does 48 divide 774?
False
Is 3 a factor of 342?
True
Does 166 divide 41002?
True
Is 27 a factor of 3998?
False
Does 97 divide 2495?
False
Does 68 divide 15436?
True
Is 53961 a multiple of 9?
False
Is 4116 a multiple of 9?
False
Is 20 a factor of 2480?
True
Is 306 a multiple of 10?
False
Does 5 divide 135?
True
Is 10129 a multiple of 17?
False
Does 29 divide 1943?
True
Is 4086 a multiple of 22?
False
Is 59 a factor of 1652?
True
Is 321 a multiple of 9?
False
Is 34 a factor of 8840?
True
Does 145 divide 15515?
True
Is 189 a multiple of 3?
True
Is 21 a factor of 3990?
True
Is 185 a multiple of 34?
False
Is 397 a multiple of 30?
False
Is 14 a factor of 8716?
False
Is 316 a multiple of 51?
False
Does 35 divide 560?
True
Is 191 a factor of 60501?
False
Does 32 divide 11043?
False
Is 71 a factor of 3902?
False
Is 15 a factor of 1392?
False
Does 30 divide 16290?
True
Is 8964 a multiple of 108?
True
Does 16 divide 8870?
False
Is 39 a factor of 2301?
True
Is 10 a factor of 2684?
False
Does 125 divide 875?
True
Is 33931 a multiple of 370?
False
Is 680 a multiple of 8?
True
Is 175 a multiple of 7?
True
Is 32888 a multiple of 8?
True
Is 263 a multiple of 3?
False
Does 3 divide 6592?
False
Does 18 divide 702?
True
Is 11 a factor of 1778?
False
Does 75 divide 4125?
True
Is 36651 a multiple of 19?
True
Is 2 a factor of 88?
True
Does 25 divide 15441?
False
Does 8 divide 376?
True
Is 25 a factor of 4254?
False
Is 1927 a multiple of 41?
True
Does 9 divide 396?
True
Is 790 a multiple of 10?
True
Is 11216 a multiple of 16?
True
Is 1428 a multiple of 42?
True
Does 12 divide 900?
True
Is 5146 a multiple of 94?
False
Is 5 a factor of 4574?
False
Is 1457 even?
False
Does 34 divide 2312?
True
Is 1100 a multiple of 25?
True
Is 12 a factor of 408?
True
Does 35 divide 2940?
True
Is 34748 a multiple of 73?
True
Is 21 a factor of 8404?
False
Does 11 divide 704?
True
Is 315 a multiple of 9?
True
Is 3 a factor of 11599?
False
Is 9786 a multiple of 14?
True
Is 4 a factor of 76?
True
Does 24 divide 24144?
True
Is 2503 a multiple of 9?
False
Is 4212 a multiple of 6?
True
Is 6850 a multiple of 193?
False
Does 32 divide 928?
True
Is 15 a factor of 12687?
False
Does 13 divide 260?
True
Is 1463 a multiple of 11?
True
Is 28 a factor of 2296?
True
Does 3 divide 9616?
False
Is 289 a factor of 19074?
True
Does 7 divide 1148?
True
Is 2449 a multiple of 113?
False
Does 2 divide 80?
True
Is 7058 a multiple of 10?
False
Is 210 a factor of 5485?
False
Does 20 divide 410?
False
Is 51182 a multiple of 22?
False
Does 72 divide 1605?
False
Is 20 a factor of 266?
False
Is 5 a factor of 3443?
False
Is 32953 a multiple of 47?
False
Does 32 divide 554?
False
Is 13 a multiple of 2?
False
Is 105783 a multiple of 37?
True
Does 22 divide 374?
True
Is 54106 a multiple of 13?
True
Is 24 a factor of 2285?
False
Is 353 a multiple of 11?
False
Does 104 divide 588?
False
Does 40 divide 992?
False
Is 18 a factor of 1026?
True
Is 26 a factor of 31091?
False
Does 12 divide 1289?
False
Is 1926 a multiple of 30?
False
Does 125 divide 5898?
False
Does 53 divide 6042?
True
Does 6 divide 182?
False
Does 104 divide 6605?
False
Does 3 divide 17?
False
Is 4728 a multiple of 68?
False
Is 122 a multiple of 13?
False
Is 168 a multiple of 23?
False
Is 40894 a multiple of 46?
True
Is 19 a factor of 4541?
True
Does 18 divide 1052?
False
Does 50 divide 75?
False
Is 7034 a multiple of 9?
False
Does 30 divide 15382?
False
Is 36 a factor of 5256?
True
Is 37 a factor of 2516?
True
Is 82 a factor of 7954?
True
Is 1444 a multiple of 19?
True
Is 32 a factor of 20032?
True
Does 21 divide 2814?
True
Is 9 a factor of 9365?
False
Is 414 a multiple of 15?
False
Is 951 a multiple of 5?
False
Does 53 divide 9981?
False
Is 7800 a multiple of 39?
True
Is 33604 a multiple of 31?
True
Is 17 a factor of 1394?
True
Does 15 divide 21019?
False
Is 10 a factor of 2420?
True
Is 8 a factor of 608?
True
Does 22 divide 1012?
True
Is 17 a factor of 26674?
False
Is 20501 a multiple of 247?
True
Is 25 a factor of 17262?
False
Is 32 a factor of 960?
True
Is 36075 a multiple of 6?
False
Does 15 divide 176?
False
Does 4 divide 5405?
False
Is 7 a factor of 63?
True
Is 66 a multiple of 3?
True
Is 14 a factor of 900?
False
Does 70 divide 1195?
False
Does 18 divide 13590?
True
Is 6909 a multiple of 3?
True
Is 3702 a multiple of 9?
False
Is 20 a factor of 1809?
False
Is 682 a multiple of 15?
False
Is 6 a factor of 770?
False
Is 44 a factor of 23225?
False
Does 2 divide 1919?
False
Is 69582 a multiple of 12?
False
Is 3 a factor of 115?
False
Is 550 a multiple of 10?
True
Does 16 divide 1264?
True
Does 35 divide 1092?
False
Does 10 divide 1400?
True
Does 14 divide 44659?
False
Is 23085 a multiple of 45?
True
Does 6 divide 96?
True
Does 5 divide 340?
True
Is 1646 a multiple of 26?
False
Is 1253 a multiple of 5?
False
Is 2184 a multiple of 78?
True
Does 79 divide 3661?
False
Is 27 a factor of 3483?
True
Is 53 a factor of 1537?
True
Does 3 divide 4584?
True
Is 8610 a multiple of 35?
True
Does 4 divide 348?
True
Does 5 divide 177?
False
Is 38 a factor of 17469?
False
Is 14 a factor of 378?
True
Is 93 a factor of 4561?
False
Is 84 a multiple of 4?
True
Is 5109 a multiple of 131?
True
Is 41682 a multiple of 256?
False
Is 18063 a multiple of 2?
False
Is 29 a factor of 46516?
True
Is 48160 a multiple of 344?
True
Is 90416 a multiple of 68?
False
Does 37 divide 54579?
False
Is 97 a multiple of 13?
False
Is 344 a multiple of 8?
True
Is 9 a factor of 125?
False
Is 77203 a multiple of 269?
True
Is 28 a factor of 4435?
False
Is 30607 a multiple of 241?
True
Is 7 a factor of 3038?
True
Is 59 a factor of 7454?
False
Is 6103 a multiple of 72?
False
Is 1290 a multiple of 50?
False
Is 16 a factor of 869?
False
Is 149 a factor of 2468?
False
Is 1606 a multiple of 14?
False
Is 371 a factor of 86522?
False
Is 3838 a multiple of 135?
False
Is 11385 a multiple of 55?
True
Does 27 divide 5130?
True
Is 10 a factor of 182?
False
Is 11 a factor of 5280?
True
Is 689 a multiple of 30?
False
Does 20 divide 2583?
False
Is 2 a factor of 186?
True
Is 14 a factor of 4222?
False
Is 2 a factor of 54?
True
Is 43 a factor of 4988?
True
Is 2 a factor of 515?
False
Does 93 divide 8430?
False
Does 12 divide 8160?
True
Is 612 a multiple of 18?
True
Is 17 a factor of 245?
False
Is 6 a factor of 3594?
True
Is 2073 a multiple of 37?
False
Is 10 a factor of 250?
True
Does 8 divide 528?
True
Does 29 divide 3474?
False
Is 100590 a multiple of 21?
True
Is 7 a factor of 826?
True
Is 3330 a multiple of 3?
True
Is 123 a factor of 2305?
False
Does 52 divi